{"id":19,"date":"2011-10-16T17:52:46","date_gmt":"2011-10-16T17:52:46","guid":{"rendered":"http:\/\/spezialist.ch\/wp2\/?page_id=2"},"modified":"2023-10-28T15:42:27","modified_gmt":"2023-10-28T13:42:27","slug":"ueber-mich","status":"publish","type":"page","link":"https:\/\/webfruit.ch\/webfruit\/ueber-mich\/","title":{"rendered":"\u00dcber mich"},"content":{"rendered":"<p><strong><span style=\"color: #336699;\">Ich lebe in Winterthur und bin unter anderem gelernter Webpublisher EB-Z\u00fcrich. Dabei befasse ich mich seit l\u00e4ngerem mit frei verf\u00fcgbarer\u00a0 Software f\u00fcrs Internet. Diese bietet f\u00fcr viele Anwendungen im Internet einfache Bedienbarkeit.<\/span><\/strong><\/p>\n<p><strong><span style=\"color: #336699;\">Mein Motto lautet:<br \/>\n<\/span><\/strong><strong><span style=\"color: #336699;\">&#8222;Sag es mir, und ich werde es vergessen.<br \/>\n<\/span><\/strong><strong><span style=\"color: #336699;\">Zeige es mir, und ich werde mich daran erinnern.<br \/>\n<\/span><\/strong><strong><span style=\"color: #336699;\">Beteilige mich, und ich werde es verstehen.&#8220;<br \/>\nQuelle:\u00a0<\/span><\/strong><strong><span style=\"color: #336699;\">Lao Tse<\/span><\/strong><\/p>\n","protected":false},"excerpt":{"rendered":"<p>Ich lebe in Winterthur und bin unter anderem gelernter Webpublisher EB-Z\u00fcrich. Dabei befasse ich mich seit l\u00e4ngerem mit frei verf\u00fcgbarer\u00a0 Software f\u00fcrs Internet. Diese bietet f\u00fcr viele Anwendungen im Internet &#8230;<\/p>\n","protected":false},"author":1,"featured_media":0,"parent":0,"menu_order":4,"comment_status":"closed","ping_status":"closed","template":"","meta":{"footnotes":""},"class_list":["post-19","page","type-page","status-publish","hentry"],"_links":{"self":[{"href":"https:\/\/webfruit.ch\/webfruit\/wp-json\/wp\/v2\/pages\/19","targetHints":{"allow":["GET"]}}],"collection":[{"href":"https:\/\/webfruit.ch\/webfruit\/wp-json\/wp\/v2\/pages"}],"about":[{"href":"https:\/\/webfruit.ch\/webfruit\/wp-json\/wp\/v2\/types\/page"}],"author":[{"embeddable":true,"href":"https:\/\/webfruit.ch\/webfruit\/wp-json\/wp\/v2\/users\/1"}],"replies":[{"embeddable":true,"href":"https:\/\/webfruit.ch\/webfruit\/wp-json\/wp\/v2\/comments?post=19"}],"version-history":[{"count":0,"href":"https:\/\/webfruit.ch\/webfruit\/wp-json\/wp\/v2\/pages\/19\/revisions"}],"wp:attachment":[{"href":"https:\/\/webfruit.ch\/webfruit\/wp-json\/wp\/v2\/media?parent=19"}],"curies":[{"name":"wp","href":"https:\/\/api.w.org\/{rel}","templated":true}]}}