{"id":633,"date":"2025-07-30T16:23:15","date_gmt":"2025-07-30T14:23:15","guid":{"rendered":"https:\/\/webfruit.ch\/webfruit\/?page_id=633"},"modified":"2025-07-30T16:25:23","modified_gmt":"2025-07-30T14:25:23","slug":"buddypress","status":"publish","type":"page","link":"https:\/\/webfruit.ch\/webfruit\/buddypress\/","title":{"rendered":"BuddyPress"},"content":{"rendered":"\n<p>Auf dieser Webseite probiere ich die Community-Funktionen von WordPress aus. Die Erweiterung daf\u00fcr heisst BuddyPress. Sie bietet Mitgliederprofile, Aktivit\u00e4tsverl\u00e4ufe, Direkte Nachrichten, Benachrichtigungen und mehr!<\/p>\n","protected":false},"excerpt":{"rendered":"<p>Auf dieser Webseite probiere ich die Community-Funktionen von WordPress aus. Die Erweiterung daf\u00fcr heisst BuddyPress. Sie bietet Mitgliederprofile, Aktivit\u00e4tsverl\u00e4ufe, Direkte Nachrichten, Benachrichtigungen und mehr!<\/p>\n","protected":false},"author":1,"featured_media":0,"parent":0,"menu_order":0,"comment_status":"closed","ping_status":"closed","template":"","meta":{"footnotes":""},"class_list":["post-633","page","type-page","status-publish","hentry"],"_links":{"self":[{"href":"https:\/\/webfruit.ch\/webfruit\/wp-json\/wp\/v2\/pages\/633","targetHints":{"allow":["GET"]}}],"collection":[{"href":"https:\/\/webfruit.ch\/webfruit\/wp-json\/wp\/v2\/pages"}],"about":[{"href":"https:\/\/webfruit.ch\/webfruit\/wp-json\/wp\/v2\/types\/page"}],"author":[{"embeddable":true,"href":"https:\/\/webfruit.ch\/webfruit\/wp-json\/wp\/v2\/users\/1"}],"replies":[{"embeddable":true,"href":"https:\/\/webfruit.ch\/webfruit\/wp-json\/wp\/v2\/comments?post=633"}],"version-history":[{"count":2,"href":"https:\/\/webfruit.ch\/webfruit\/wp-json\/wp\/v2\/pages\/633\/revisions"}],"predecessor-version":[{"id":635,"href":"https:\/\/webfruit.ch\/webfruit\/wp-json\/wp\/v2\/pages\/633\/revisions\/635"}],"wp:attachment":[{"href":"https:\/\/webfruit.ch\/webfruit\/wp-json\/wp\/v2\/media?parent=633"}],"curies":[{"name":"wp","href":"https:\/\/api.w.org\/{rel}","templated":true}]}}